{"id":1611,"date":"2025-09-08T23:41:52","date_gmt":"2025-09-09T02:41:52","guid":{"rendered":"https:\/\/edicionesdelpuente.com.ar\/delpuente\/?post_type=product&#038;p=1611"},"modified":"2026-03-11T23:27:17","modified_gmt":"2026-03-12T02:27:17","slug":"espesores-de-vacio","status":"publish","type":"product","link":"https:\/\/edicionesdelpuente.com.ar\/delpuente\/producto\/espesores-de-vacio\/","title":{"rendered":"Espesores [  ] de vac\u00edo"},"content":{"rendered":"<p style=\"text-align: left\">Y una vez m\u00e1s construimos ideas, las estiramos, las abollamos, las ahuecamos, las dimensionamos, les damos forma y las deformamos. El pensamiento del hombre como creador de espacios para el hombre.<br \/>\nSuspendemos el tiempo en la materia y lo dejamos caer en el vac\u00edo; dise\u00f1amos belleza, una belleza profunda y precisa, un belleza que tiene medidas, temperatura, escala y color.<br \/>\nY el tiempo, vaya elemento de composici\u00f3n. El tiempo como sin\u00f3nimo de espacio y silencio. El l\u00edmite como diafragma vivo capaz de mediar entre el esp\u00edritu del hombre y la eternidad relativa de<br \/>\nla forma arquitect\u00f3nica.<br \/>\nConstruimos formas, construimos silencios, construimos ausencias, construimos IDEAS.<\/p>\n<p>&nbsp;<\/p>\n<p style=\"text-align: left\">En esta obra nos invita a reflexionar sobre la manera de pensar la arquitectura desde distintas disciplinas en una s\u00edntesis que trasciende el papel para dialogar con la realidad construida.<\/p>\n","protected":false},"excerpt":{"rendered":"<h6>BIT\u00c1CORA DE CROQUIS Y PENSAMIENTOS SOBRE EL L\u00cdMITE HABITADO<\/h6>\n<h6><strong>Autora:<\/strong> Anabella Ag\u00fcero<br \/>\n<strong>ISBN:<\/strong> 9789876534347<br \/>\n<strong>Fecha de Publicaci\u00f3n:<\/strong> septiembre de 2025<br \/>\n<strong>124<\/strong>\u00a0p\u00e1ginas<br \/>\n<strong>Formato:<\/strong> 20 cm x 20 cm<\/h6>\n<p>&nbsp;<\/p>\n<p>&nbsp;<\/p>\n","protected":false},"featured_media":1612,"template":"","meta":[],"yoast_head":"<!-- This site is optimized with the Yoast SEO plugin v16.1.1 - https:\/\/yoast.com\/wordpress\/plugins\/seo\/ -->\n<title>Espesores [ ] de vac\u00edo &ndash; Ediciones Del Puente<\/title>\n<link rel=\"canonical\" href=\"https:\/\/edicionesdelpuente.com.ar\/delpuente\/producto\/espesores-de-vacio\/\" \/>\n<meta property=\"og:locale\" content=\"es_ES\" \/>\n<meta property=\"og:type\" content=\"article\" \/>\n<meta property=\"og:title\" content=\"Espesores [ ] de vac\u00edo &ndash; Ediciones Del Puente\" \/>\n<meta property=\"og:description\" content=\"BIT\u00c1CORA DE CROQUIS Y PENSAMIENTOS SOBRE EL L\u00cdMITE HABITADO Autora: Anabella Ag\u00fcero ISBN: 9789876534347 Fecha de Publicaci\u00f3n: septiembre de 2025 124\u00a0p\u00e1ginas Formato: 20 cm x 20 cm &nbsp;  &nbsp;\" \/>\n<meta property=\"og:url\" content=\"https:\/\/edicionesdelpuente.com.ar\/delpuente\/producto\/espesores-de-vacio\/\" \/>\n<meta property=\"og:site_name\" content=\"Ediciones Del Puente\" \/>\n<meta property=\"article:publisher\" content=\"https:\/\/www.facebook.com\/edicionesdelpuente\/\" \/>\n<meta property=\"article:modified_time\" content=\"2026-03-12T02:27:17+00:00\" \/>\n<meta property=\"og:image\" content=\"https:\/\/edicionesdelpuente.com.ar\/delpuente\/wp-content\/uploads\/2025\/09\/Espesores-de-vacio-tapa-1.png\" \/>\n\t<meta property=\"og:image:width\" content=\"1551\" \/>\n\t<meta property=\"og:image:height\" content=\"1575\" \/>\n<meta name=\"twitter:card\" content=\"summary_large_image\" \/>\n<meta name=\"twitter:label1\" content=\"Tiempo de lectura\">\n\t<meta name=\"twitter:data1\" content=\"1 minuto\">\n<script type=\"application\/ld+json\" class=\"yoast-schema-graph\">{\"@context\":\"https:\/\/schema.org\",\"@graph\":[{\"@type\":\"Organization\",\"@id\":\"https:\/\/edicionesdelpuente.com.ar\/delpuente\/#organization\",\"name\":\"Ediciones Del Puente\",\"url\":\"https:\/\/edicionesdelpuente.com.ar\/delpuente\/\",\"sameAs\":[\"https:\/\/www.facebook.com\/edicionesdelpuente\/\",\"https:\/\/www.instagram.com\/edicionesdelpuente\/\"],\"logo\":{\"@type\":\"ImageObject\",\"@id\":\"https:\/\/edicionesdelpuente.com.ar\/delpuente\/#logo\",\"inLanguage\":\"es-AR\",\"url\":\"https:\/\/edicionesdelpuente.com.ar\/delpuente\/wp-content\/uploads\/2021\/03\/isologo-delpuente-adpt-1.png\",\"contentUrl\":\"https:\/\/edicionesdelpuente.com.ar\/delpuente\/wp-content\/uploads\/2021\/03\/isologo-delpuente-adpt-1.png\",\"width\":330,\"height\":275,\"caption\":\"Ediciones Del Puente\"},\"image\":{\"@id\":\"https:\/\/edicionesdelpuente.com.ar\/delpuente\/#logo\"}},{\"@type\":\"WebSite\",\"@id\":\"https:\/\/edicionesdelpuente.com.ar\/delpuente\/#website\",\"url\":\"https:\/\/edicionesdelpuente.com.ar\/delpuente\/\",\"name\":\"Ediciones Del Puente\",\"description\":\"Editorial\",\"publisher\":{\"@id\":\"https:\/\/edicionesdelpuente.com.ar\/delpuente\/#organization\"},\"potentialAction\":[{\"@type\":\"SearchAction\",\"target\":\"https:\/\/edicionesdelpuente.com.ar\/delpuente\/?s={search_term_string}\",\"query-input\":\"required name=search_term_string\"}],\"inLanguage\":\"es-AR\"},{\"@type\":\"ImageObject\",\"@id\":\"https:\/\/edicionesdelpuente.com.ar\/delpuente\/producto\/espesores-de-vacio\/#primaryimage\",\"inLanguage\":\"es-AR\",\"url\":\"https:\/\/edicionesdelpuente.com.ar\/delpuente\/wp-content\/uploads\/2025\/09\/Espesores-de-vacio-tapa-1.png\",\"contentUrl\":\"https:\/\/edicionesdelpuente.com.ar\/delpuente\/wp-content\/uploads\/2025\/09\/Espesores-de-vacio-tapa-1.png\",\"width\":1551,\"height\":1575},{\"@type\":\"WebPage\",\"@id\":\"https:\/\/edicionesdelpuente.com.ar\/delpuente\/producto\/espesores-de-vacio\/#webpage\",\"url\":\"https:\/\/edicionesdelpuente.com.ar\/delpuente\/producto\/espesores-de-vacio\/\",\"name\":\"Espesores [ ] de vac\\u00edo &ndash; Ediciones Del Puente\",\"isPartOf\":{\"@id\":\"https:\/\/edicionesdelpuente.com.ar\/delpuente\/#website\"},\"primaryImageOfPage\":{\"@id\":\"https:\/\/edicionesdelpuente.com.ar\/delpuente\/producto\/espesores-de-vacio\/#primaryimage\"},\"datePublished\":\"2025-09-09T02:41:52+00:00\",\"dateModified\":\"2026-03-12T02:27:17+00:00\",\"breadcrumb\":{\"@id\":\"https:\/\/edicionesdelpuente.com.ar\/delpuente\/producto\/espesores-de-vacio\/#breadcrumb\"},\"inLanguage\":\"es-AR\",\"potentialAction\":[{\"@type\":\"ReadAction\",\"target\":[\"https:\/\/edicionesdelpuente.com.ar\/delpuente\/producto\/espesores-de-vacio\/\"]}]},{\"@type\":\"BreadcrumbList\",\"@id\":\"https:\/\/edicionesdelpuente.com.ar\/delpuente\/producto\/espesores-de-vacio\/#breadcrumb\",\"itemListElement\":[{\"@type\":\"ListItem\",\"position\":1,\"item\":{\"@type\":\"WebPage\",\"@id\":\"https:\/\/edicionesdelpuente.com.ar\/delpuente\/\",\"url\":\"https:\/\/edicionesdelpuente.com.ar\/delpuente\/\",\"name\":\"Inicio\"}},{\"@type\":\"ListItem\",\"position\":2,\"item\":{\"@type\":\"WebPage\",\"@id\":\"https:\/\/edicionesdelpuente.com.ar\/delpuente\/tienda\/\",\"url\":\"https:\/\/edicionesdelpuente.com.ar\/delpuente\/tienda\/\",\"name\":\"Cat\\u00e1logo\"}},{\"@type\":\"ListItem\",\"position\":3,\"item\":{\"@type\":\"WebPage\",\"@id\":\"https:\/\/edicionesdelpuente.com.ar\/delpuente\/producto\/espesores-de-vacio\/\",\"url\":\"https:\/\/edicionesdelpuente.com.ar\/delpuente\/producto\/espesores-de-vacio\/\",\"name\":\"Espesores [ ] de vac\\u00edo\"}}]}]}<\/script>\n<!-- \/ Yoast SEO plugin. -->","_links":{"self":[{"href":"https:\/\/edicionesdelpuente.com.ar\/delpuente\/wp-json\/wp\/v2\/product\/1611"}],"collection":[{"href":"https:\/\/edicionesdelpuente.com.ar\/delpuente\/wp-json\/wp\/v2\/product"}],"about":[{"href":"https:\/\/edicionesdelpuente.com.ar\/delpuente\/wp-json\/wp\/v2\/types\/product"}],"wp:featuredmedia":[{"embeddable":true,"href":"https:\/\/edicionesdelpuente.com.ar\/delpuente\/wp-json\/wp\/v2\/media\/1612"}],"wp:attachment":[{"href":"https:\/\/edicionesdelpuente.com.ar\/delpuente\/wp-json\/wp\/v2\/media?parent=1611"}],"curies":[{"name":"wp","href":"https:\/\/api.w.org\/{rel}","templated":true}]}}