{"id":1432,"date":"2022-01-18T09:19:54","date_gmt":"2022-01-18T12:19:54","guid":{"rendered":"https:\/\/edicionesdelpuente.com.ar\/delpuente\/?post_type=product&#038;p=1432"},"modified":"2025-07-07T19:17:06","modified_gmt":"2025-07-07T22:17:06","slug":"despues-de-las-mariposas","status":"publish","type":"product","link":"https:\/\/edicionesdelpuente.com.ar\/delpuente\/producto\/despues-de-las-mariposas\/","title":{"rendered":"Despu\u00e9s de las mariposas"},"content":{"rendered":"<p style=\"text-align: left\">&#8211; iOjo, no me ensucien la escena del crimen!, grit\u00f3 el comisario a los dos polic\u00edas que lo acompa\u00f1aban.<br \/>\nEn realidad, la escena ya se hab\u00eda contaminado desde el momento en que Antonio Correa vio humo, a la vera del camino de tierra que recorr\u00eda todas las ma\u00f1anas para ir o volver del dispensario donde trabajaba. Tuvo deseos de seguir: El cansancio de las horas de guardia pujaba en su interior. La culpa le gan\u00f3 a la comodidad y se detuvo. Era enfermero y sab\u00eda que no se debe tocar nada en esos casos, pero se acerc\u00f3 a aquel mont\u00edculo humeante entre los matorrales. Desde el camino no pod\u00eda ver qu\u00e9 se estaba quemando, pero a su memoria lleg\u00f3 otra quemaz\u00f3n que lo hizo vomitar.<br \/>\nSe baj\u00f3 de la moto y camin\u00f3 hasta unos cinco metros antes del pozo. Cuando reconoci\u00f3 el olor, deshizo el camino a los tropezones, metiendo los pies en todos los charcos que antes hab\u00eda evitado. Quiso hacer una llamada y record\u00f3 que all\u00ed no hab\u00eda se\u00f1al para el celular. Puso en marcha la moto y sali\u00f3 a toda la velocidad que su Scooter le permit\u00eda. Subi\u00f3 a la autopista mientras repet\u00eda sin descanso: &#8220;iJes\u00fas! iJes\u00fas! iJes\u00fas!&#8221;.<br \/>\n&#8211; En el camino a Colonia Berniquera hay un cuerpo quem\u00e1ndose, fue lo que pudo pronunciar en la comisar\u00eda de Villa Fadet, luego del tercer intento por lograr una oraci\u00f3n completa.<br \/>\n&#8211; \u00bfUn cuerpo humano me est\u00e1s diciendo?, pregunt\u00f3 el comisario, aunque por la expresi\u00f3n de espanto del enfermero dedujo que de animal no era.<\/p>\n","protected":false},"excerpt":{"rendered":"<h6><strong>Autora:<\/strong> Clide Gremiger<br \/>\n<strong>ISBN:<\/strong> 9789872688257<br \/>\n<strong>Fecha de Publicaci\u00f3n:<\/strong> enero de 2022<br \/>\n<strong>110<\/strong>\u00a0p\u00e1ginas<br \/>\n<strong>Formato:<\/strong> 14 cm x 20 cm<\/h6>\n<p>[vc_empty_space height=&#8221;20px&#8221;]<\/p>\n[button size='' style='' text='Le\u00e9 las primeras p\u00e1ginas' icon='fa-download' icon_color='#ffffff' link='https:\/\/edicionesdelpuente.com.ar\/delpuente\/wp-content\/uploads\/2022\/01\/Despues-de-la-mariposas_primeras-paginas-1.pdf' target='_blank' color='#FFFFFF' hover_color='#FFFFFF' border_color='#B5B5B5' hover_border_color='#06ABBA' background_color='#B5B5B5' hover_background_color='#06ABBA' font_style='normal' font_weight='600' text_align='center' margin='']\n","protected":false},"featured_media":1433,"template":"","meta":[],"yoast_head":"<!-- This site is optimized with the Yoast SEO plugin v16.1.1 - https:\/\/yoast.com\/wordpress\/plugins\/seo\/ -->\n<title>Despu\u00e9s de las mariposas &ndash; Ediciones Del Puente<\/title>\n<link rel=\"canonical\" href=\"https:\/\/edicionesdelpuente.com.ar\/delpuente\/producto\/despues-de-las-mariposas\/\" \/>\n<meta property=\"og:locale\" content=\"es_ES\" \/>\n<meta property=\"og:type\" content=\"article\" \/>\n<meta property=\"og:title\" content=\"Despu\u00e9s de las mariposas &ndash; Ediciones Del Puente\" \/>\n<meta property=\"og:description\" content=\"Autora: Clide Gremiger ISBN: 9789872688257 Fecha de Publicaci\u00f3n: enero de 2022 110\u00a0p\u00e1ginas Formato: 14 cm x 20 cm [vc_empty_space height=&quot;20px&quot;]\" \/>\n<meta property=\"og:url\" content=\"https:\/\/edicionesdelpuente.com.ar\/delpuente\/producto\/despues-de-las-mariposas\/\" \/>\n<meta property=\"og:site_name\" content=\"Ediciones Del Puente\" \/>\n<meta property=\"article:publisher\" content=\"https:\/\/www.facebook.com\/edicionesdelpuente\/\" \/>\n<meta property=\"article:modified_time\" content=\"2025-07-07T22:17:06+00:00\" \/>\n<meta property=\"og:image\" content=\"https:\/\/edicionesdelpuente.com.ar\/delpuente\/wp-content\/uploads\/2022\/01\/tapa-web-Mariposas.png\" \/>\n\t<meta property=\"og:image:width\" content=\"545\" \/>\n\t<meta property=\"og:image:height\" content=\"788\" \/>\n<meta name=\"twitter:card\" content=\"summary_large_image\" \/>\n<meta name=\"twitter:label1\" content=\"Tiempo de lectura\">\n\t<meta name=\"twitter:data1\" content=\"2 minutos\">\n<script type=\"application\/ld+json\" class=\"yoast-schema-graph\">{\"@context\":\"https:\/\/schema.org\",\"@graph\":[{\"@type\":\"Organization\",\"@id\":\"https:\/\/edicionesdelpuente.com.ar\/delpuente\/#organization\",\"name\":\"Ediciones Del Puente\",\"url\":\"https:\/\/edicionesdelpuente.com.ar\/delpuente\/\",\"sameAs\":[\"https:\/\/www.facebook.com\/edicionesdelpuente\/\",\"https:\/\/www.instagram.com\/edicionesdelpuente\/\"],\"logo\":{\"@type\":\"ImageObject\",\"@id\":\"https:\/\/edicionesdelpuente.com.ar\/delpuente\/#logo\",\"inLanguage\":\"es-AR\",\"url\":\"https:\/\/edicionesdelpuente.com.ar\/delpuente\/wp-content\/uploads\/2021\/03\/isologo-delpuente-adpt-1.png\",\"contentUrl\":\"https:\/\/edicionesdelpuente.com.ar\/delpuente\/wp-content\/uploads\/2021\/03\/isologo-delpuente-adpt-1.png\",\"width\":330,\"height\":275,\"caption\":\"Ediciones Del Puente\"},\"image\":{\"@id\":\"https:\/\/edicionesdelpuente.com.ar\/delpuente\/#logo\"}},{\"@type\":\"WebSite\",\"@id\":\"https:\/\/edicionesdelpuente.com.ar\/delpuente\/#website\",\"url\":\"https:\/\/edicionesdelpuente.com.ar\/delpuente\/\",\"name\":\"Ediciones Del Puente\",\"description\":\"Editorial\",\"publisher\":{\"@id\":\"https:\/\/edicionesdelpuente.com.ar\/delpuente\/#organization\"},\"potentialAction\":[{\"@type\":\"SearchAction\",\"target\":\"https:\/\/edicionesdelpuente.com.ar\/delpuente\/?s={search_term_string}\",\"query-input\":\"required name=search_term_string\"}],\"inLanguage\":\"es-AR\"},{\"@type\":\"ImageObject\",\"@id\":\"https:\/\/edicionesdelpuente.com.ar\/delpuente\/producto\/despues-de-las-mariposas\/#primaryimage\",\"inLanguage\":\"es-AR\",\"url\":\"https:\/\/edicionesdelpuente.com.ar\/delpuente\/wp-content\/uploads\/2022\/01\/tapa-web-Mariposas.png\",\"contentUrl\":\"https:\/\/edicionesdelpuente.com.ar\/delpuente\/wp-content\/uploads\/2022\/01\/tapa-web-Mariposas.png\",\"width\":545,\"height\":788},{\"@type\":\"WebPage\",\"@id\":\"https:\/\/edicionesdelpuente.com.ar\/delpuente\/producto\/despues-de-las-mariposas\/#webpage\",\"url\":\"https:\/\/edicionesdelpuente.com.ar\/delpuente\/producto\/despues-de-las-mariposas\/\",\"name\":\"Despu\\u00e9s de las mariposas &ndash; Ediciones Del Puente\",\"isPartOf\":{\"@id\":\"https:\/\/edicionesdelpuente.com.ar\/delpuente\/#website\"},\"primaryImageOfPage\":{\"@id\":\"https:\/\/edicionesdelpuente.com.ar\/delpuente\/producto\/despues-de-las-mariposas\/#primaryimage\"},\"datePublished\":\"2022-01-18T12:19:54+00:00\",\"dateModified\":\"2025-07-07T22:17:06+00:00\",\"breadcrumb\":{\"@id\":\"https:\/\/edicionesdelpuente.com.ar\/delpuente\/producto\/despues-de-las-mariposas\/#breadcrumb\"},\"inLanguage\":\"es-AR\",\"potentialAction\":[{\"@type\":\"ReadAction\",\"target\":[\"https:\/\/edicionesdelpuente.com.ar\/delpuente\/producto\/despues-de-las-mariposas\/\"]}]},{\"@type\":\"BreadcrumbList\",\"@id\":\"https:\/\/edicionesdelpuente.com.ar\/delpuente\/producto\/despues-de-las-mariposas\/#breadcrumb\",\"itemListElement\":[{\"@type\":\"ListItem\",\"position\":1,\"item\":{\"@type\":\"WebPage\",\"@id\":\"https:\/\/edicionesdelpuente.com.ar\/delpuente\/\",\"url\":\"https:\/\/edicionesdelpuente.com.ar\/delpuente\/\",\"name\":\"Inicio\"}},{\"@type\":\"ListItem\",\"position\":2,\"item\":{\"@type\":\"WebPage\",\"@id\":\"https:\/\/edicionesdelpuente.com.ar\/delpuente\/tienda\/\",\"url\":\"https:\/\/edicionesdelpuente.com.ar\/delpuente\/tienda\/\",\"name\":\"Cat\\u00e1logo\"}},{\"@type\":\"ListItem\",\"position\":3,\"item\":{\"@type\":\"WebPage\",\"@id\":\"https:\/\/edicionesdelpuente.com.ar\/delpuente\/producto\/despues-de-las-mariposas\/\",\"url\":\"https:\/\/edicionesdelpuente.com.ar\/delpuente\/producto\/despues-de-las-mariposas\/\",\"name\":\"Despu\\u00e9s de las mariposas\"}}]}]}<\/script>\n<!-- \/ Yoast SEO plugin. -->","_links":{"self":[{"href":"https:\/\/edicionesdelpuente.com.ar\/delpuente\/wp-json\/wp\/v2\/product\/1432"}],"collection":[{"href":"https:\/\/edicionesdelpuente.com.ar\/delpuente\/wp-json\/wp\/v2\/product"}],"about":[{"href":"https:\/\/edicionesdelpuente.com.ar\/delpuente\/wp-json\/wp\/v2\/types\/product"}],"wp:featuredmedia":[{"embeddable":true,"href":"https:\/\/edicionesdelpuente.com.ar\/delpuente\/wp-json\/wp\/v2\/media\/1433"}],"wp:attachment":[{"href":"https:\/\/edicionesdelpuente.com.ar\/delpuente\/wp-json\/wp\/v2\/media?parent=1432"}],"curies":[{"name":"wp","href":"https:\/\/api.w.org\/{rel}","templated":true}]}}