{"id":1358,"date":"2021-07-06T09:25:39","date_gmt":"2021-07-06T12:25:39","guid":{"rendered":"https:\/\/edicionesdelpuente.com.ar\/delpuente\/?post_type=product&#038;p=1358"},"modified":"2024-03-07T00:08:43","modified_gmt":"2024-03-07T03:08:43","slug":"la-luz-entre-rejas","status":"publish","type":"product","link":"https:\/\/edicionesdelpuente.com.ar\/delpuente\/producto\/la-luz-entre-rejas\/","title":{"rendered":"La luz entre rejas"},"content":{"rendered":"<p style=\"text-align: left\">En esta novela, el autor habla sobre la existencia, el amor, la so\u00adledad, la locura, la muerte. Narrada con una sim\u00adpleza que asusta, pero con una profundidad que conmueve, es un viaje de la locura a la raz\u00f3n, lo rom\u00e1ntico a lo dram\u00e1tico\u2026 de lo depresivo a lo violento&#8230; de la co\u00adrrupci\u00f3n a la honestidad\u2026 de lo real a lo imaginario.<\/p>\n<p style=\"text-align: left\">Se trata de una composici\u00f3n ubicada dentro del g\u00e9nero narrativo, logrando una novela con caracter\u00edsticas descripti\u00advas a muy alto nivel, que superan la necesidad de entendimiento de la terminolog\u00eda utilizada.<\/p>\n<p style=\"text-align: left\">En paseos mentales tan din\u00e1micos que producen en el lector un placer est\u00e9tico y una permanente necesidad de continuar con la lectura.<\/p>\n<p style=\"text-align: left\"><em>Extracto del pr\u00f3logo, por Gloria Luque<\/em><\/p>\n<p style=\"text-align: left\"><span style=\"color: #ffffff\">&#8230;<\/span><\/p>\n<hr \/>\n<p style=\"text-align: left\"><strong><em>Texto de contratapa<\/em><\/strong>:<\/p>\n<p style=\"text-align: left\">En tiempos donde reina la dictadura del materialismo consumista, ahora, cuando a todo valor o sentimiento se le baja el precio hasta que pierde su profundidad espiritual para luego ser exhibidos en los escaparates de lo comprable, en alacenas donde se muestran obscenamente, la justicia, el amor, el valor, la vida, totalmente desnudos, solo ataviados por un hilo donde pende su precio, reaccionar y revolucionar es imprescindible.<\/p>\n<p style=\"text-align: left\">A fuerza de una propaganda que fagocita un consumismo irracional de cosas superfluas, el &#8220;tener&#8221; est\u00e1 desplazando al &#8220;ser&#8221;, haci\u00e9ndonos olvidar la empat\u00eda, la solidaridad, el dolor ante el dolor ajeno, y todo aquello que nos hac\u00eda humanos. Esa es la nueva &#8220;Normalidad&#8221; que nos quieren imponer y ante esa cordura desquiciante solo nos puede salvar la sana locura de volver a mirarnos al alma, con un humanismo excesivamente comprensivo y revolucionario que mitigue los efectos s\u00e1dicos de este sistema que nos hace naufragar\u00a0 por las calles del sin sentido.<\/p>\n","protected":false},"excerpt":{"rendered":"<h6><strong>Autor:<\/strong> Ariel Colazo<br \/>\n<strong>Ilustraciones de:<\/strong> Germ\u00e1n Mercol Echeverr\u00eda<br \/>\n<strong>ISBN:<\/strong> 9789874770608<br \/>\n<strong>Fecha de Publicaci\u00f3n:<\/strong> Julio de 2021<br \/>\n<strong>132<\/strong> p\u00e1ginas<br \/>\n<strong>Formato:<\/strong> 14 cm x 20 cm<\/h6>\n<p>[vc_empty_space height=&#8221;20px&#8221;]<\/p>\n[button size='' style='' text='Le\u00e9 las primeras p\u00e1ginas' icon='fa-download' icon_color='#ffffff' link='https:\/\/edicionesdelpuente.com.ar\/delpuente\/wp-content\/uploads\/2021\/07\/La-luz-entre-rejas-paginas-iniciales-Ediciones-del-Puente.pdf' target='_blank' color='#FFFFFF' hover_color='#FFFFFF' border_color='#B5B5B5' hover_border_color='#06ABBA' background_color='#B5B5B5' hover_background_color='#06ABBA' font_style='normal' font_weight='600' text_align='center' margin='']\n<p>&nbsp;<\/p>\n","protected":false},"featured_media":1359,"template":"","meta":[],"yoast_head":"<!-- This site is optimized with the Yoast SEO plugin v16.1.1 - https:\/\/yoast.com\/wordpress\/plugins\/seo\/ -->\n<title>La luz entre rejas &ndash; Ediciones Del Puente<\/title>\n<link rel=\"canonical\" href=\"https:\/\/edicionesdelpuente.com.ar\/delpuente\/producto\/la-luz-entre-rejas\/\" \/>\n<meta property=\"og:locale\" content=\"es_ES\" \/>\n<meta property=\"og:type\" content=\"article\" \/>\n<meta property=\"og:title\" content=\"La luz entre rejas &ndash; Ediciones Del Puente\" \/>\n<meta property=\"og:description\" content=\"Autor: Ariel Colazo Ilustraciones de: Germ\u00e1n Mercol Echeverr\u00eda ISBN: 9789874770608 Fecha de Publicaci\u00f3n: Julio de 2021 132 p\u00e1ginas Formato: 14 cm x 20 cm [vc_empty_space height=&quot;20px&quot;]    &nbsp;\" \/>\n<meta property=\"og:url\" content=\"https:\/\/edicionesdelpuente.com.ar\/delpuente\/producto\/la-luz-entre-rejas\/\" \/>\n<meta property=\"og:site_name\" content=\"Ediciones Del Puente\" \/>\n<meta property=\"article:publisher\" content=\"https:\/\/www.facebook.com\/edicionesdelpuente\/\" \/>\n<meta property=\"article:modified_time\" content=\"2024-03-07T03:08:43+00:00\" \/>\n<meta property=\"og:image\" content=\"https:\/\/edicionesdelpuente.com.ar\/delpuente\/wp-content\/uploads\/2021\/07\/catalogo-tapa-la-luz-entre-rejas.png\" \/>\n\t<meta property=\"og:image:width\" content=\"527\" \/>\n\t<meta property=\"og:image:height\" content=\"750\" \/>\n<meta name=\"twitter:card\" content=\"summary_large_image\" \/>\n<meta name=\"twitter:label1\" content=\"Tiempo de lectura\">\n\t<meta name=\"twitter:data1\" content=\"2 minutos\">\n<script type=\"application\/ld+json\" class=\"yoast-schema-graph\">{\"@context\":\"https:\/\/schema.org\",\"@graph\":[{\"@type\":\"Organization\",\"@id\":\"https:\/\/edicionesdelpuente.com.ar\/delpuente\/#organization\",\"name\":\"Ediciones Del Puente\",\"url\":\"https:\/\/edicionesdelpuente.com.ar\/delpuente\/\",\"sameAs\":[\"https:\/\/www.facebook.com\/edicionesdelpuente\/\",\"https:\/\/www.instagram.com\/edicionesdelpuente\/\"],\"logo\":{\"@type\":\"ImageObject\",\"@id\":\"https:\/\/edicionesdelpuente.com.ar\/delpuente\/#logo\",\"inLanguage\":\"es-AR\",\"url\":\"https:\/\/edicionesdelpuente.com.ar\/delpuente\/wp-content\/uploads\/2021\/03\/isologo-delpuente-adpt-1.png\",\"contentUrl\":\"https:\/\/edicionesdelpuente.com.ar\/delpuente\/wp-content\/uploads\/2021\/03\/isologo-delpuente-adpt-1.png\",\"width\":330,\"height\":275,\"caption\":\"Ediciones Del Puente\"},\"image\":{\"@id\":\"https:\/\/edicionesdelpuente.com.ar\/delpuente\/#logo\"}},{\"@type\":\"WebSite\",\"@id\":\"https:\/\/edicionesdelpuente.com.ar\/delpuente\/#website\",\"url\":\"https:\/\/edicionesdelpuente.com.ar\/delpuente\/\",\"name\":\"Ediciones Del Puente\",\"description\":\"Editorial\",\"publisher\":{\"@id\":\"https:\/\/edicionesdelpuente.com.ar\/delpuente\/#organization\"},\"potentialAction\":[{\"@type\":\"SearchAction\",\"target\":\"https:\/\/edicionesdelpuente.com.ar\/delpuente\/?s={search_term_string}\",\"query-input\":\"required name=search_term_string\"}],\"inLanguage\":\"es-AR\"},{\"@type\":\"ImageObject\",\"@id\":\"https:\/\/edicionesdelpuente.com.ar\/delpuente\/producto\/la-luz-entre-rejas\/#primaryimage\",\"inLanguage\":\"es-AR\",\"url\":\"https:\/\/edicionesdelpuente.com.ar\/delpuente\/wp-content\/uploads\/2021\/07\/catalogo-tapa-la-luz-entre-rejas.png\",\"contentUrl\":\"https:\/\/edicionesdelpuente.com.ar\/delpuente\/wp-content\/uploads\/2021\/07\/catalogo-tapa-la-luz-entre-rejas.png\",\"width\":527,\"height\":750},{\"@type\":\"WebPage\",\"@id\":\"https:\/\/edicionesdelpuente.com.ar\/delpuente\/producto\/la-luz-entre-rejas\/#webpage\",\"url\":\"https:\/\/edicionesdelpuente.com.ar\/delpuente\/producto\/la-luz-entre-rejas\/\",\"name\":\"La luz entre rejas &ndash; Ediciones Del Puente\",\"isPartOf\":{\"@id\":\"https:\/\/edicionesdelpuente.com.ar\/delpuente\/#website\"},\"primaryImageOfPage\":{\"@id\":\"https:\/\/edicionesdelpuente.com.ar\/delpuente\/producto\/la-luz-entre-rejas\/#primaryimage\"},\"datePublished\":\"2021-07-06T12:25:39+00:00\",\"dateModified\":\"2024-03-07T03:08:43+00:00\",\"breadcrumb\":{\"@id\":\"https:\/\/edicionesdelpuente.com.ar\/delpuente\/producto\/la-luz-entre-rejas\/#breadcrumb\"},\"inLanguage\":\"es-AR\",\"potentialAction\":[{\"@type\":\"ReadAction\",\"target\":[\"https:\/\/edicionesdelpuente.com.ar\/delpuente\/producto\/la-luz-entre-rejas\/\"]}]},{\"@type\":\"BreadcrumbList\",\"@id\":\"https:\/\/edicionesdelpuente.com.ar\/delpuente\/producto\/la-luz-entre-rejas\/#breadcrumb\",\"itemListElement\":[{\"@type\":\"ListItem\",\"position\":1,\"item\":{\"@type\":\"WebPage\",\"@id\":\"https:\/\/edicionesdelpuente.com.ar\/delpuente\/\",\"url\":\"https:\/\/edicionesdelpuente.com.ar\/delpuente\/\",\"name\":\"Inicio\"}},{\"@type\":\"ListItem\",\"position\":2,\"item\":{\"@type\":\"WebPage\",\"@id\":\"https:\/\/edicionesdelpuente.com.ar\/delpuente\/tienda\/\",\"url\":\"https:\/\/edicionesdelpuente.com.ar\/delpuente\/tienda\/\",\"name\":\"Cat\\u00e1logo\"}},{\"@type\":\"ListItem\",\"position\":3,\"item\":{\"@type\":\"WebPage\",\"@id\":\"https:\/\/edicionesdelpuente.com.ar\/delpuente\/producto\/la-luz-entre-rejas\/\",\"url\":\"https:\/\/edicionesdelpuente.com.ar\/delpuente\/producto\/la-luz-entre-rejas\/\",\"name\":\"La luz entre rejas\"}}]}]}<\/script>\n<!-- \/ Yoast SEO plugin. -->","_links":{"self":[{"href":"https:\/\/edicionesdelpuente.com.ar\/delpuente\/wp-json\/wp\/v2\/product\/1358"}],"collection":[{"href":"https:\/\/edicionesdelpuente.com.ar\/delpuente\/wp-json\/wp\/v2\/product"}],"about":[{"href":"https:\/\/edicionesdelpuente.com.ar\/delpuente\/wp-json\/wp\/v2\/types\/product"}],"wp:featuredmedia":[{"embeddable":true,"href":"https:\/\/edicionesdelpuente.com.ar\/delpuente\/wp-json\/wp\/v2\/media\/1359"}],"wp:attachment":[{"href":"https:\/\/edicionesdelpuente.com.ar\/delpuente\/wp-json\/wp\/v2\/media?parent=1358"}],"curies":[{"name":"wp","href":"https:\/\/api.w.org\/{rel}","templated":true}]}}