{"id":1133,"date":"2021-05-04T17:08:48","date_gmt":"2021-05-04T20:08:48","guid":{"rendered":"https:\/\/edicionesdelpuente.com.ar\/delpuente\/?post_type=product&#038;p=1133"},"modified":"2024-03-07T00:09:59","modified_gmt":"2024-03-07T03:09:59","slug":"aclara-mi-vida","status":"publish","type":"product","link":"https:\/\/edicionesdelpuente.com.ar\/delpuente\/producto\/aclara-mi-vida\/","title":{"rendered":"Aclara mi vida"},"content":{"rendered":"<p style=\"text-align: left\">Clara procura rehacer su vida luego de casi perderla, un duro golpe que intentar\u00e1 superar para seguir adelante, con el siempre\u00a0incondicional apoyo de su madre.<\/p>\n<p style=\"text-align: left\">Arturo desea ser correspondido luego de su desencanto amoroso. Har\u00e1 todo lo posible para que su familia permanezca unida, sanando las relaciones m\u00e1s importantes.<\/p>\n<p style=\"text-align: left\">Pero no bastaba con desear buenos momentos para uno y los suyos. Clara siempre se refer\u00eda al equilibrio natural de la vida. Para ella, la sucesi\u00f3n de hechos que la componen, requieren que inevitablemente, un sobresalto movilice las estructuras.\u00a0 Al alterarse la quietud, aquella que permite ganar seguridad y olvidar el dolor del pasado, volvemos a tenerlo presente. Heridas que se abren en carne viva para recordarnos que s\u00f3lo hasta cierto punto tenemos control de nuestro destino y que una porci\u00f3n de \u00e9ste se teje por fuera de nuestras voluntades.<\/p>\n<p style=\"text-align: left\">Esta novela tiene como protagonistas al amor, la empat\u00eda y la superaci\u00f3n personal. Relata historias de vida que nos har\u00e1n reflexionar. Personajes con los que nos estremeceremos, al igual que con sus experiencias. Y, quiz\u00e1s,\u00a0nos transmitan alguna ense\u00f1anza.<\/p>\n","protected":false},"excerpt":{"rendered":"<h6><strong>Autor:<\/strong> Vanesa Paz<br \/>\n<strong>ISBN:<\/strong> 9789874770646<br \/>\n<strong>Fecha de Publicaci\u00f3n:<\/strong> noviembre de 2020<br \/>\n<strong>150<\/strong>\u00a0p\u00e1ginas<br \/>\n<strong>Formato:<\/strong> 14 cm x 20 cm<\/h6>\n<p>&nbsp;<\/p>\n","protected":false},"featured_media":1134,"template":"","meta":[],"yoast_head":"<!-- This site is optimized with the Yoast SEO plugin v16.1.1 - https:\/\/yoast.com\/wordpress\/plugins\/seo\/ -->\n<title>Aclara mi vida &ndash; Ediciones Del Puente<\/title>\n<link rel=\"canonical\" href=\"https:\/\/edicionesdelpuente.com.ar\/delpuente\/producto\/aclara-mi-vida\/\" \/>\n<meta property=\"og:locale\" content=\"es_ES\" \/>\n<meta property=\"og:type\" content=\"article\" \/>\n<meta property=\"og:title\" content=\"Aclara mi vida &ndash; Ediciones Del Puente\" \/>\n<meta property=\"og:description\" content=\"Autor: Vanesa Paz ISBN: 9789874770646 Fecha de Publicaci\u00f3n: noviembre de 2020 150\u00a0p\u00e1ginas Formato: 14 cm x 20 cm &nbsp;\" \/>\n<meta property=\"og:url\" content=\"https:\/\/edicionesdelpuente.com.ar\/delpuente\/producto\/aclara-mi-vida\/\" \/>\n<meta property=\"og:site_name\" content=\"Ediciones Del Puente\" \/>\n<meta property=\"article:publisher\" content=\"https:\/\/www.facebook.com\/edicionesdelpuente\/\" \/>\n<meta property=\"article:modified_time\" content=\"2024-03-07T03:09:59+00:00\" \/>\n<meta property=\"og:image\" content=\"https:\/\/edicionesdelpuente.com.ar\/delpuente\/wp-content\/uploads\/2021\/05\/catalogo-tapa-Aclara-mi-vida.png\" \/>\n\t<meta property=\"og:image:width\" content=\"703\" \/>\n\t<meta property=\"og:image:height\" content=\"1000\" \/>\n<meta name=\"twitter:card\" content=\"summary_large_image\" \/>\n<meta name=\"twitter:label1\" content=\"Tiempo de lectura\">\n\t<meta name=\"twitter:data1\" content=\"1 minuto\">\n<script type=\"application\/ld+json\" class=\"yoast-schema-graph\">{\"@context\":\"https:\/\/schema.org\",\"@graph\":[{\"@type\":\"Organization\",\"@id\":\"https:\/\/edicionesdelpuente.com.ar\/delpuente\/#organization\",\"name\":\"Ediciones Del Puente\",\"url\":\"https:\/\/edicionesdelpuente.com.ar\/delpuente\/\",\"sameAs\":[\"https:\/\/www.facebook.com\/edicionesdelpuente\/\",\"https:\/\/www.instagram.com\/edicionesdelpuente\/\"],\"logo\":{\"@type\":\"ImageObject\",\"@id\":\"https:\/\/edicionesdelpuente.com.ar\/delpuente\/#logo\",\"inLanguage\":\"es-AR\",\"url\":\"https:\/\/edicionesdelpuente.com.ar\/delpuente\/wp-content\/uploads\/2021\/03\/isologo-delpuente-adpt-1.png\",\"contentUrl\":\"https:\/\/edicionesdelpuente.com.ar\/delpuente\/wp-content\/uploads\/2021\/03\/isologo-delpuente-adpt-1.png\",\"width\":330,\"height\":275,\"caption\":\"Ediciones Del Puente\"},\"image\":{\"@id\":\"https:\/\/edicionesdelpuente.com.ar\/delpuente\/#logo\"}},{\"@type\":\"WebSite\",\"@id\":\"https:\/\/edicionesdelpuente.com.ar\/delpuente\/#website\",\"url\":\"https:\/\/edicionesdelpuente.com.ar\/delpuente\/\",\"name\":\"Ediciones Del Puente\",\"description\":\"Editorial\",\"publisher\":{\"@id\":\"https:\/\/edicionesdelpuente.com.ar\/delpuente\/#organization\"},\"potentialAction\":[{\"@type\":\"SearchAction\",\"target\":\"https:\/\/edicionesdelpuente.com.ar\/delpuente\/?s={search_term_string}\",\"query-input\":\"required name=search_term_string\"}],\"inLanguage\":\"es-AR\"},{\"@type\":\"ImageObject\",\"@id\":\"https:\/\/edicionesdelpuente.com.ar\/delpuente\/producto\/aclara-mi-vida\/#primaryimage\",\"inLanguage\":\"es-AR\",\"url\":\"https:\/\/edicionesdelpuente.com.ar\/delpuente\/wp-content\/uploads\/2021\/05\/catalogo-tapa-Aclara-mi-vida.png\",\"contentUrl\":\"https:\/\/edicionesdelpuente.com.ar\/delpuente\/wp-content\/uploads\/2021\/05\/catalogo-tapa-Aclara-mi-vida.png\",\"width\":703,\"height\":1000},{\"@type\":\"WebPage\",\"@id\":\"https:\/\/edicionesdelpuente.com.ar\/delpuente\/producto\/aclara-mi-vida\/#webpage\",\"url\":\"https:\/\/edicionesdelpuente.com.ar\/delpuente\/producto\/aclara-mi-vida\/\",\"name\":\"Aclara mi vida &ndash; Ediciones Del Puente\",\"isPartOf\":{\"@id\":\"https:\/\/edicionesdelpuente.com.ar\/delpuente\/#website\"},\"primaryImageOfPage\":{\"@id\":\"https:\/\/edicionesdelpuente.com.ar\/delpuente\/producto\/aclara-mi-vida\/#primaryimage\"},\"datePublished\":\"2021-05-04T20:08:48+00:00\",\"dateModified\":\"2024-03-07T03:09:59+00:00\",\"breadcrumb\":{\"@id\":\"https:\/\/edicionesdelpuente.com.ar\/delpuente\/producto\/aclara-mi-vida\/#breadcrumb\"},\"inLanguage\":\"es-AR\",\"potentialAction\":[{\"@type\":\"ReadAction\",\"target\":[\"https:\/\/edicionesdelpuente.com.ar\/delpuente\/producto\/aclara-mi-vida\/\"]}]},{\"@type\":\"BreadcrumbList\",\"@id\":\"https:\/\/edicionesdelpuente.com.ar\/delpuente\/producto\/aclara-mi-vida\/#breadcrumb\",\"itemListElement\":[{\"@type\":\"ListItem\",\"position\":1,\"item\":{\"@type\":\"WebPage\",\"@id\":\"https:\/\/edicionesdelpuente.com.ar\/delpuente\/\",\"url\":\"https:\/\/edicionesdelpuente.com.ar\/delpuente\/\",\"name\":\"Inicio\"}},{\"@type\":\"ListItem\",\"position\":2,\"item\":{\"@type\":\"WebPage\",\"@id\":\"https:\/\/edicionesdelpuente.com.ar\/delpuente\/tienda\/\",\"url\":\"https:\/\/edicionesdelpuente.com.ar\/delpuente\/tienda\/\",\"name\":\"Cat\\u00e1logo\"}},{\"@type\":\"ListItem\",\"position\":3,\"item\":{\"@type\":\"WebPage\",\"@id\":\"https:\/\/edicionesdelpuente.com.ar\/delpuente\/producto\/aclara-mi-vida\/\",\"url\":\"https:\/\/edicionesdelpuente.com.ar\/delpuente\/producto\/aclara-mi-vida\/\",\"name\":\"Aclara mi vida\"}}]}]}<\/script>\n<!-- \/ Yoast SEO plugin. -->","_links":{"self":[{"href":"https:\/\/edicionesdelpuente.com.ar\/delpuente\/wp-json\/wp\/v2\/product\/1133"}],"collection":[{"href":"https:\/\/edicionesdelpuente.com.ar\/delpuente\/wp-json\/wp\/v2\/product"}],"about":[{"href":"https:\/\/edicionesdelpuente.com.ar\/delpuente\/wp-json\/wp\/v2\/types\/product"}],"wp:featuredmedia":[{"embeddable":true,"href":"https:\/\/edicionesdelpuente.com.ar\/delpuente\/wp-json\/wp\/v2\/media\/1134"}],"wp:attachment":[{"href":"https:\/\/edicionesdelpuente.com.ar\/delpuente\/wp-json\/wp\/v2\/media?parent=1133"}],"curies":[{"name":"wp","href":"https:\/\/api.w.org\/{rel}","templated":true}]}}

<p style="text-align: left">Clara procura rehacer su vida luego de casi perderla, un duro golpe que intentará superar para seguir adelante, con el siempre incondicional apoyo de su madre.</p>
<p style="text-align: left">Arturo desea ser correspondido luego de su desencanto amoroso. Hará todo lo posible para que su familia permanezca unida, sanando las relaciones más importantes.</p>
<p style="text-align: left">Pero no bastaba con desear buenos momentos para uno y los suyos. Clara siempre se refería al equilibrio natural de la vida. Para ella, la sucesión de hechos que la componen, requieren que inevitablemente, un sobresalto movilice las estructuras.  Al alterarse la quietud, aquella que permite ganar seguridad y olvidar el dolor del pasado, volvemos a tenerlo presente. Heridas que se abren en carne viva para recordarnos que sólo hasta cierto punto tenemos control de nuestro destino y que una porción de éste se teje por fuera de nuestras voluntades.</p>
<p style="text-align: left">Esta novela tiene como protagonistas al amor, la empatía y la superación personal. Relata historias de vida que nos harán reflexionar. Personajes con los que nos estremeceremos, al igual que con sus experiencias. Y, quizás, nos transmitan alguna enseñanza.</p>

<h6><strong>Autor:</strong> Vanesa Paz<br />
<strong>ISBN:</strong> 9789874770646<br />
<strong>Fecha de Publicación:</strong> noviembre de 2020<br />
<strong>150</strong> páginas<br />
<strong>Formato:</strong> 14 cm x 20 cm</h6>
<p>&nbsp;</p>

<!-- This site is optimized with the Yoast SEO plugin v16.1.1 - https://yoast.com/wordpress/plugins/seo/ -->
<title>Aclara mi vida &ndash; Ediciones Del Puente</title>
<link rel="canonical" href="https://edicionesdelpuente.com.ar/delpuente/producto/aclara-mi-vida/" />
<meta property="og:locale" content="es_ES" />
<meta property="og:type" content="article" />
<meta property="og:title" content="Aclara mi vida &ndash; Ediciones Del Puente" />
<meta property="og:description" content="Autor: Vanesa Paz ISBN: 9789874770646 Fecha de Publicación: noviembre de 2020 150 páginas Formato: 14 cm x 20 cm &nbsp;" />
<meta property="og:url" content="https://edicionesdelpuente.com.ar/delpuente/producto/aclara-mi-vida/" />
<meta property="og:site_name" content="Ediciones Del Puente" />
<meta property="article:publisher" content="https://www.facebook.com/edicionesdelpuente/" />
<meta property="article:modified_time" content="2024-03-07T03:09:59+00:00" />
<meta property="og:image" content="https://edicionesdelpuente.com.ar/delpuente/wp-content/uploads/2021/05/catalogo-tapa-Aclara-mi-vida.png" />
	<meta property="og:image:width" content="703" />
	<meta property="og:image:height" content="1000" />
<meta name="twitter:card" content="summary_large_image" />
<meta name="twitter:label1" content="Tiempo de lectura">
	<meta name="twitter:data1" content="1 minuto">
<script type="application/ld+json" class="yoast-schema-graph">{"@context":"https://schema.org","@graph":[{"@type":"Organization","@id":"https://edicionesdelpuente.com.ar/delpuente/#organization","name":"Ediciones Del Puente","url":"https://edicionesdelpuente.com.ar/delpuente/","sameAs":["https://www.facebook.com/edicionesdelpuente/","https://www.instagram.com/edicionesdelpuente/"],"logo":{"@type":"ImageObject","@id":"https://edicionesdelpuente.com.ar/delpuente/#logo","inLanguage":"es-AR","url":"https://edicionesdelpuente.com.ar/delpuente/wp-content/uploads/2021/03/isologo-delpuente-adpt-1.png","contentUrl":"https://edicionesdelpuente.com.ar/delpuente/wp-content/uploads/2021/03/isologo-delpuente-adpt-1.png","width":330,"height":275,"caption":"Ediciones Del Puente"},"image":{"@id":"https://edicionesdelpuente.com.ar/delpuente/#logo"}},{"@type":"WebSite","@id":"https://edicionesdelpuente.com.ar/delpuente/#website","url":"https://edicionesdelpuente.com.ar/delpuente/","name":"Ediciones Del Puente","description":"Editorial","publisher":{"@id":"https://edicionesdelpuente.com.ar/delpuente/#organization"},"potentialAction":[{"@type":"SearchAction","target":"https://edicionesdelpuente.com.ar/delpuente/?s={search_term_string}","query-input":"required name=search_term_string"}],"inLanguage":"es-AR"},{"@type":"ImageObject","@id":"https://edicionesdelpuente.com.ar/delpuente/producto/aclara-mi-vida/#primaryimage","inLanguage":"es-AR","url":"https://edicionesdelpuente.com.ar/delpuente/wp-content/uploads/2021/05/catalogo-tapa-Aclara-mi-vida.png","contentUrl":"https://edicionesdelpuente.com.ar/delpuente/wp-content/uploads/2021/05/catalogo-tapa-Aclara-mi-vida.png","width":703,"height":1000},{"@type":"WebPage","@id":"https://edicionesdelpuente.com.ar/delpuente/producto/aclara-mi-vida/#webpage","url":"https://edicionesdelpuente.com.ar/delpuente/producto/aclara-mi-vida/","name":"Aclara mi vida &ndash; Ediciones Del Puente","isPartOf":{"@id":"https://edicionesdelpuente.com.ar/delpuente/#website"},"primaryImageOfPage":{"@id":"https://edicionesdelpuente.com.ar/delpuente/producto/aclara-mi-vida/#primaryimage"},"datePublished":"2021-05-04T20:08:48+00:00","dateModified":"2024-03-07T03:09:59+00:00","breadcrumb":{"@id":"https://edicionesdelpuente.com.ar/delpuente/producto/aclara-mi-vida/#breadcrumb"},"inLanguage":"es-AR","potentialAction":[{"@type":"ReadAction","target":["https://edicionesdelpuente.com.ar/delpuente/producto/aclara-mi-vida/"]}]},{"@type":"BreadcrumbList","@id":"https://edicionesdelpuente.com.ar/delpuente/producto/aclara-mi-vida/#breadcrumb","itemListElement":[{"@type":"ListItem","position":1,"item":{"@type":"WebPage","@id":"https://edicionesdelpuente.com.ar/delpuente/","url":"https://edicionesdelpuente.com.ar/delpuente/","name":"Inicio"}},{"@type":"ListItem","position":2,"item":{"@type":"WebPage","@id":"https://edicionesdelpuente.com.ar/delpuente/tienda/","url":"https://edicionesdelpuente.com.ar/delpuente/tienda/","name":"Cat\u00e1logo"}},{"@type":"ListItem","position":3,"item":{"@type":"WebPage","@id":"https://edicionesdelpuente.com.ar/delpuente/producto/aclara-mi-vida/","url":"https://edicionesdelpuente.com.ar/delpuente/producto/aclara-mi-vida/","name":"Aclara mi vida"}}]}]}</script>
<!-- / Yoast SEO plugin. -->
